{"version":"1.0","provider_name":"Access4you H\u00edrek","provider_url":"https:\/\/news.access4you.io\/en","title":"A MediaMarkt az \u00f6sszes \u00e1ruh\u00e1z\u00e1t akad\u00e1lymentes\u00edti - Access4you H\u00edrek","type":"rich","width":600,"height":338,"html":"<blockquote class=\"wp-embedded-content\" data-secret=\"XAqVKRsfPZ\"><a href=\"https:\/\/news.access4you.io\/en\/2020\/09\/30\/a-mediamarkt-az-osszes-aruhazat-akadalymentesiti\/\">A MediaMarkt az \u00f6sszes \u00e1ruh\u00e1z\u00e1t akad\u00e1lymentes\u00edti<\/a><\/blockquote><iframe sandbox=\"allow-scripts\" security=\"restricted\" src=\"https:\/\/news.access4you.io\/en\/2020\/09\/30\/a-mediamarkt-az-osszes-aruhazat-akadalymentesiti\/embed\/#?secret=XAqVKRsfPZ\" width=\"600\" height=\"338\" title=\"&#8220;A MediaMarkt az \u00f6sszes \u00e1ruh\u00e1z\u00e1t akad\u00e1lymentes\u00edti&#8221; &#8212; Access4you H\u00edrek\" data-secret=\"XAqVKRsfPZ\" frameborder=\"0\" marginwidth=\"0\" marginheight=\"0\" scrolling=\"no\" class=\"wp-embedded-content\"><\/iframe><script type=\"text\/javascript\">\n\/* <![CDATA[ *\/\n\/*! This file is auto-generated *\/\n!function(d,l){\"use strict\";l.querySelector&&d.addEventListener&&\"undefined\"!=typeof URL&&(d.wp=d.wp||{},d.wp.receiveEmbedMessage||(d.wp.receiveEmbedMessage=function(e){var t=e.data;if((t||t.secret||t.message||t.value)&&!\/[^a-zA-Z0-9]\/.test(t.secret)){for(var s,r,n,a=l.querySelectorAll('iframe[data-secret=\"'+t.secret+'\"]'),o=l.querySelectorAll('blockquote[data-secret=\"'+t.secret+'\"]'),c=new RegExp(\"^https?:$\",\"i\"),i=0;i<o.length;i++)o[i].style.display=\"none\";for(i=0;i<a.length;i++)s=a[i],e.source===s.contentWindow&&(s.removeAttribute(\"style\"),\"height\"===t.message?(1e3<(r=parseInt(t.value,10))?r=1e3:~~r<200&&(r=200),s.height=r):\"link\"===t.message&&(r=new URL(s.getAttribute(\"src\")),n=new URL(t.value),c.test(n.protocol))&&n.host===r.host&&l.activeElement===s&&(d.top.location.href=t.value))}},d.addEventListener(\"message\",d.wp.receiveEmbedMessage,!1),l.addEventListener(\"DOMContentLoaded\",function(){for(var e,t,s=l.querySelectorAll(\"iframe.wp-embedded-content\"),r=0;r<s.length;r++)(t=(e=s[r]).getAttribute(\"data-secret\"))||(t=Math.random().toString(36).substring(2,12),e.src+=\"#?secret=\"+t,e.setAttribute(\"data-secret\",t)),e.contentWindow.postMessage({message:\"ready\",secret:t},\"*\")},!1)))}(window,document);\n\/\/# sourceURL=https:\/\/news.access4you.io\/wp-includes\/js\/wp-embed.min.js\n\/* ]]> *\/\n<\/script>","thumbnail_url":"https:\/\/news.access4you.io\/wp-content\/uploads\/2020\/09\/mm.png","thumbnail_width":1280,"thumbnail_height":720,"description":"Egy hossz\u00fa t\u00e1v\u00fa terv keret\u00e9ben meg\u00fajul az \u00f6sszes MediaMarkt \u00fczlet. A fel\u00faj\u00edt\u00e1si projekt sor\u00e1n az Access4you-val egy\u00fcttm\u0171k\u00f6d\u00e9sben az \u00f6sszes \u00e1ruh\u00e1z tan\u00fas\u00edtott akad\u00e1lymentes helysz\u00ednn\u00e9 fog v\u00e1lni.&nbsp; \u201cA MediaMarkt Magyarorsz\u00e1g nyitott a t\u00e1rsadalmi \u00fcgyek fel\u00e9. Az Accesss4you-val tervezett k\u00f6z\u00f6s munk\u00e1nk pedig egy nagyon j\u00f3 lehet\u0151s\u00e9g, hogy hozz\u00e1j\u00e1ruljunk egy emberk\u00f6zpont\u00fabb, odafigyel\u0151bb t\u00e1rsadalom megszil\u00e1rdul\u00e1s\u00e1hoz, mik\u00f6zben \u201ccsak\u201d annyit tesz\u00fcnk, hogy [&hellip;]"}

Access4you Hírek

A MediaMarkt az összes áruházát akadálymentesíti - Access4you Hírek

<blockquote class="wp-embedded-content" data-secret="XAqVKRsfPZ"><a href="https://news.access4you.io/en/2020/09/30/a-mediamarkt-az-osszes-aruhazat-akadalymentesiti/">A MediaMarkt az összes áruházát akadálymentesíti</a></blockquote><iframe sandbox="allow-scripts" security="restricted" src="https://news.access4you.io/en/2020/09/30/a-mediamarkt-az-osszes-aruhazat-akadalymentesiti/embed/#?secret=XAqVKRsfPZ" width="600" height="338" title="&#8220;A MediaMarkt az összes áruházát akadálymentesíti&#8221; &#8212; Access4you Hírek" data-secret="XAqVKRsfPZ" frameborder="0" marginwidth="0" marginheight="0" scrolling="no" class="wp-embedded-content"></iframe><script type="text/javascript">
/* <![CDATA[ */
/*! This file is auto-generated */
!function(d,l){"use strict";l.querySelector&&d.addEventListener&&"undefined"!=typeof URL&&(d.wp=d.wp||{},d.wp.receiveEmbedMessage||(d.wp.receiveEmbedMessage=function(e){var t=e.data;if((t||t.secret||t.message||t.value)&&!/[^a-zA-Z0-9]/.test(t.secret)){for(var s,r,n,a=l.querySelectorAll('iframe[data-secret="'+t.secret+'"]'),o=l.querySelectorAll('blockquote[data-secret="'+t.secret+'"]'),c=new RegExp("^https?:$","i"),i=0;i<o.length;i++)o[i].style.display="none";for(i=0;i<a.length;i++)s=a[i],e.source===s.contentWindow&&(s.removeAttribute("style"),"height"===t.message?(1e3<(r=parseInt(t.value,10))?r=1e3:~~r<200&&(r=200),s.height=r):"link"===t.message&&(r=new URL(s.getAttribute("src")),n=new URL(t.value),c.test(n.protocol))&&n.host===r.host&&l.activeElement===s&&(d.top.location.href=t.value))}},d.addEventListener("message",d.wp.receiveEmbedMessage,!1),l.addEventListener("DOMContentLoaded",function(){for(var e,t,s=l.querySelectorAll("iframe.wp-embedded-content"),r=0;r<s.length;r++)(t=(e=s[r]).getAttribute("data-secret"))||(t=Math.random().toString(36).substring(2,12),e.src+="#?secret="+t,e.setAttribute("data-secret",t)),e.contentWindow.postMessage({message:"ready",secret:t},"*")},!1)))}(window,document);
//# sourceURL=https://news.access4you.io/wp-includes/js/wp-embed.min.js
/* ]]> */
</script>

Egy hosszú távú terv keretében megújul az összes MediaMarkt üzlet. A felújítási projekt során az Access4you-val együttműködésben az összes áruház tanúsított akadálymentes helyszínné fog válni.&nbsp; “A MediaMarkt Magyarország nyitott a társadalmi ügyek felé. Az Accesss4you-val tervezett közös munkánk pedig egy nagyon jó lehetőség, hogy hozzájáruljunk egy emberközpontúbb, odafigyelőbb társadalom megszilárdulásához, miközben “csak” annyit teszünk, hogy [&hellip;]
